actors of 320117812?
2, 7, 11432779
List the prime factors of 742038435.
3, 5, 5496581
What are the prime factors of 40339435?
5, 29, 37, 73, 103
List the prime factors of 16467971.
13, 1266767
What are the prime factors of 3306600475?
5, 131, 1009649
List the prime factors of 415204390.
2, 5, 31, 643, 2083
What are the prime factors of 4835922264?
2, 3, 7462843
List the prime factors of 230979918.
2, 3, 13, 17, 43, 4051
What are the prime factors of 999922668?
2, 3, 29, 2873341
What are the prime factors of 179711584?
2, 13, 113, 3823
List the prime factors of 194944925.
5, 7, 1113971
List the prime factors of 3466747347.
3, 7, 7237, 22811
What are the prime factors of 100787544?
2, 3, 11, 13, 251
List the prime factors of 2504550219.
3, 834850073
What are the prime factors of 3438824219?
3438824219
What are the prime factors of 8480242362?
2, 3, 17, 83139631
What are the prime factors of 1435106?
2, 17, 42209
List the prime factors of 3763571382.
2, 3, 601, 347899
List the prime factors of 570869775.
3, 5, 7, 17, 23, 103
What are the prime factors of 330818622?
2, 3, 55136437
What are the prime factors of 2887246301?
18839, 153259
What are the prime factors of 45466241?
2659, 17099
List the prime factors of 1931304998.
2, 7, 5861, 23537
List the prime factors of 1252132971.
3, 29, 14392333
List the prime factors of 6092950593.
3, 2030983531
List the prime factors of 846501884.
2, 211625471
List the prime factors of 5663811512.
2, 707976439
List the prime factors of 1948775673.
3, 13, 3843739
What are the prime factors of 140386154?
2, 73, 961549
List the prime factors of 161717585.
5, 479, 67523
What are the prime factors of 19491681?
3, 11, 590657
List the prime factors of 4089240719.
4089240719
List the prime factors of 26524590.
2, 3, 5, 17, 52009
List the prime factors of 51294136.
2, 37, 173291
What are the prime factors of 191824369?
11, 229, 271, 281
What are the prime factors of 2161897294?
2, 191, 5659417
What are the prime factors of 39761935?
5, 61, 130367
List the prime factors of 1979264894.
2, 79, 12526993
List the prime factors of 79008858.
2, 3, 487709
What are the prime factors of 5808997128?
2, 3, 11, 22003777
List the prime factors of 1404363292.
2, 351090823
List the prime factors of 3186339864.
2, 3, 79, 277, 6067
What are the prime factors of 140806822?
2, 13, 499, 10853
What are the prime factors of 168983862?
2, 3, 28163977
List the prime factors of 12276249.
3, 4092083
What are the prime factors of 22450159?
67, 335077
List the prime factors of 78768799.
31, 107, 23747
List the prime factors of 474007582.
2, 1619, 146389
What are the prime factors of 145313718?
2, 3, 11, 2201723
What are the prime factors of 5796872061?
3, 1932290687
List the prime factors of 221029742.
2, 110514871
List the prime factors of 1887479527.
163, 11579629
List the prime factors of 173298969.
3, 17, 1132673
What are the prime factors of 15645825?
3, 5, 13, 1783
What are the prime factors of 66587534?
2, 13, 73, 35083
What are the prime factors of 255312801?
3, 43, 659723
List the prime factors of 1027659.
3, 342553
List the prime factors of 11270034.
2, 3, 626113
List the prime factors of 46034512.
2, 37, 77761
What are the prime factors of 61480158?
2, 3, 10246693
List the prime factors of 366049119.
3, 122016373
What are the prime factors of 97378093?
109, 137, 6521
List the prime factors of 415872859.
37, 11239807
List the prime factors of 165512755.
5, 33102551
List the prime factors of 1414912531.
1414912531
List the prime factors of 155009028.
2, 3, 41, 315059
List the prime factors of 194800844.
2, 7, 19, 366167
List the prime factors of 488437306.
2, 7, 73, 229, 2087
List the prime factors of 1243099756.
2, 3947, 78737
What are the prime factors of 3325269820?
2, 5, 53, 61, 51427
What are the prime factors of 42732246?
2, 3, 7122041
List the prime factors of 5484083528.
2, 7, 11, 739, 1721
List the prime factors of 5498423.
7, 139, 5651
What are the prime factors of 1559690088?
2, 3, 11, 19, 139, 2237
What are the prime factors of 43255623?
3, 14418541
What are the prime factors of 1555053482?
2, 223, 617, 5651
List the prime factors of 369803440.
2, 5, 43, 193, 557
What are the prime factors of 101757619?
1861, 54679
List the prime factors of 78923407.
263, 300089
List the prime factors of 4537746442.
2, 1613, 1406617
What are the prime factors of 1980455796?
2, 3, 11, 659, 7589
List the prime factors of 325943750.
2, 5, 11, 431
List the prime factors of 20776264.
2, 1213, 2141
List the prime factors of 202799536.
2, 12674971
List the prime factors of 808210410.
2, 3, 5, 7, 19, 1523
List the prime factors of 70817431.
43, 1051, 1567
List the prime factors of 616786175.
5, 53, 8783
List the prime factors of 273629223.
3, 7, 4343321
List the prime factors of 740673890.
2, 5, 11, 1567, 4297
What are the prime factors of 2285852101?
13, 175834777
List the prime factors of 21529347.
3, 7, 293, 3499
List the prime factors of 91546389.
3, 11, 19, 16223
List the prime factors of 2105579020.
2, 5, 59, 1784389
What are the prime factors of 25172489?
83, 303283
List the prime factors of 648500912.
2, 83, 488329
What are the prime factors of 5520661679?
13, 19, 127, 175991
List the prime factors of 10760470.
2, 5, 7, 347, 443
What are the prime factors of 464546132?
2, 116136533
List the prime factors of 328517615.
5, 1669, 39367
List the prime factors of 157531488.
2, 3, 1640953
List the prime factors of 5162728268.
2, 7927, 162821
List the prime factors of 28065141.
3, 13, 239873
What are the prime factors of 14907136?
2, 58231
What are the prime factors of 191934837?
3, 521, 40933
What are the prime factors of 19171520?
2, 5, 181, 331
What are the prime factors of 1037231031?
3, 2053, 168409
What are the prime factors of 1033419964?
2, 139, 1858669
List the prime factors of 65508208.
2, 17, 31, 457
What are the prime factors of 3237000157?
18287, 177011
List the prime factors of 4665072556.
2, 1166268139
What are the prime factors of 1466408456?
2, 183301057
What are the prime factors of 145541532?
2, 3, 383, 31667
What are the prime factors of 27314112?
2, 3, 7, 20323
List the prime factors of 1871123513.
7, 17, 31, 507217
List the prime factors of 26732153.
7, 3818879
What are the prime factors of 2051488540?
2, 5, 102574427
List the prime factors of 32383411.
241, 134371
List the prime factors of 422276650.
2, 5, 383, 22051
What are the prime factors of 1806571014?
2, 3, 109, 1117, 2473
What are the prime factors of 1383344202?
2, 3, 53, 4350139
What are the prime factors of 2592363927?
3, 1031, 838139
List the prime factors of 84169641.
3, 28056547
List the prime factors of 11617954.
2, 5808977
What are the prime factors of 3077813683?
7, 523, 840703
List the prime factors of 1073222503.
1511, 710273
List the prime factors of 9081034.
2, 4540517
What are the prime factors of 152574642?
2, 3, 11, 770579
What are the prime factors of 48607331?
48607331
List the prime factors of 351940934.
2, 157, 1120831
What are the prime factors of 4228209512?
2, 29, 59, 308899
List the prime factors of 3080109870.
2, 3, 5, 97, 352819
What are the prime factors of 17766044?
2, 1451, 3061
What are the prime factors of 30577305?
3, 5, 11, 17, 991
List the prime factors of 675212282.
2, 337606141
What are the prime factors of 508454705?
5, 11, 53, 101, 157
What are the prime factors of 37353652?
2, 7, 83, 16073
What are the prime factors of 385080692?
2, 41, 2348053
List the prime factors of 50681131.
17, 2981243
What are the prime factors of 47411423?
2081, 22783
List the prime factors of 9920911.
7, 11, 13, 17, 53
List the prime factors of 41748347.
41748347
List the prime factors of 66342555.
3, 5, 569, 2591
What are the prime factors of 2292202931?
23, 211, 283, 1669
What are the prime factors of 33591555?
3, 5, 746479
List the prime factors of 1131315250.
2, 5, 13, 348097
List the prime factors of 23783404.
2, 5945851
What are the prime factors of 109556221?
109556221
List the prime factors of 285778493.
7, 11, 13, 21961
List the prime factors of 14907346.
2, 1613, 4621
List the prime factors of 146422523.
13, 1949, 5779
What are the prime factors of 96032019?
3, 32010673
What are the prime factors of 926768373?
3, 308922791
What are the prime f